l**2 + 913*l - 1197. Calculate m(-17).
44
Let d(l) = l**3 - 38*l**2 - 1351*l + 1770. What is d(60)?
-90
Let s(z) = -z**3 - 737*z**2 + 14364*z + 59. Determine s(19).
59
Let z(p) = 5*p**3 + 6*p**2 - 15*p + 28. Give z(4).
384
Let c(z) = -11781*z + 35322. Calculate c(3).
-21
Let y(c) = -c**3 + 7*c**2 + 3808*c - 30454. What is y(8)?
-54
Let o(h) = -h**3 - 82*h**2 + 63*h - 1700. What is o(-83)?
-40
Let h(x) = -5*x**3 - 42*x**2 - 172*x - 1654. Determine h(-9).
137
Let p(f) = -31062*f - 3789575. Give p(-122).
-11
Let n(z) = 754*z**2 + 3028*z - 4. Calculate n(-4).
-52
Let g(q) = 6159*q + 381421. Determine g(-62).
-437
Let n(p) = -p**3 + 80*p**2 + 19133*p + 546. Determine n(184).
-6
Let q(w) = -478811*w - 957618. Give q(-2).
4
Let b(u) = 22*u - 1258. Give b(32).
-554
Let l(b) = -76*b - 5705. What is l(-87)?
907
Let u(d) = -12256*d - 3541968. Determine u(-289).
16
Let t(s) = 101172*s + 2529331. Calculate t(-25).
31
Let g(z) = z**3 - z**2 - 54*z - 70. Calculate g(8).
-54
Let d(i) = 34502*i - 207036. What is d(6)?
-24
Let g(q) = -755*q + 3155. Determine g(4).
135
Let u(x) = -x**2 + 8*x + 9035. Give u(100).
-165
Let c(p) = -567714*p - 1703145. Calculate c(-3).
-3
Let w(a) = -a**2 + 5263*a + 63310. What is w(-12)?
10
Let l(o) = -2*o**2 - 2008*o + 196907. Determine l(90).
-13
Let m(v) = 127*v + 5083. Calculate m(-40).
3
Let p(v) = v**3 - 17*v**2 - 116*v + 1635. Calculate p(18).
-129
Let m(b) = 26*b**2 - 144*b + 20. What is m(8)?
532
Let y(w) = 241*w - 12540. Determine y(51).
-249
Let y(u) = 3*u**2 - 1047*u - 28058. Determine y(-25).
-8
Let l(v) = -9*v**2 + 345*v + 1038. Determine l(-3).
-78
Let d(r) = 10324*r + 16084789. Determine d(-1558).
-3
Let v(p) = -p**3 - 79*p**2 + 3279*p + 762. Give v(-109).
-219
Let m(b) = -2*b**3 - 470*b**2 - 291*b + 41442. What is m(-234)?
24
Let d(o) = 2*o**3 + 458*o**2 - 355*o + 24299. Determine d(-230).
149
Let o(u) = -u**3 - 54*u**2 + 1387*u + 8. What is o(-73)?
8
Let x(i) = i**3 + 39*i**2 + 108*i - 564. What is x(0)?
-564
Let u(y) = -4*y**3 + 34*y**2 + 75*y. Calculate u(5).
725
Let q(j) = -13*j**2 - 1073*j + 6754. Give q(6).
-152
Let f(h) = 6*h**2 - 6*h - 117. What is f(-14)?
1143
Let a(b) = -6*b**3 + 388*b**2 + 1362*b - 143. Determine a(68).
-7
Let z(c) = -c**3 + 113*c**2 + 844*c - 3877. Give z(-10).
-17
Let v(k) = 51*k - 7737. Calculate v(167).
780
Let b(w) = -3*w**2 - 7*w + 180. Determine b(-15).
-390
Let y(f) = 9910*f**2 + 128821*f - 109. Calculate y(-13).
8
Let m(r) = 2*r**2 + 16*r - 10785. What is m(-79)?
433
Let a(h) = -19*h**2 - 3574*h + 49. What is a(-188)?
425
Let f(z) = 314*z**2 - 2975*z - 1682. Give f(10).
-32
Let b(r) = 36*r**2 - 434*r - 2169. What is b(-5)?
901
Let w(l) = -8*l**2 + 44*l + 361. Give w(11).
-123
Let s(v) = -430*v - 10933. Determine s(-25).
-183
Let f(w) = w**2 + 31597*w + 820883. Determine f(-26).
37
Let z(y) = -2842*y**2 + 5630*y + 104. Determine z(2).
-4
Let w(k) = -k**3 + 38*k**2 - 97*k - 1100. Give w(33).
1144
Let z(a) = 2*a**3 - 124*a**2 + 36*a + 5240. Determine z(61).
-6
Let j(d) = -133*d**2 - 2*d + 95. What is j(-3)?
-1096
Let m(t) = -2*t**2 - 15802*t + 174341. Give m(11).
277
Let r(g) = -358*g + 21524. Calculate r(60).
44
Let c(q) = 4*q**3 + 322*q**2 + 3219*q + 1771. Calculate c(-11).
0
Let j(i) = i**2 + 1561*i + 100103. What is j(-67)?
5
Let p(l) = -4*l**3 + 150*l**2 - 100*l + 956. Give p(37).
-6
Let n(i) = -i**3 - 73*i**2 - 458*i + 373. Determine n(-66).
109
Let z(i) = i**3 - 155*i**2 + 760*i - 1482. Give z(150).
18
Let f(j) = -648*j + 311039. What is f(480)?
-1
Let w(g) = g**3 - 4*g**2 - 1234*g + 400. What is w(37)?
-81
Let p(s) = 301255*s + 2410023. What is p(-8)?
-17
Let j(d) = 714*d + 3792. What is j(-4)?
936
Let x(p) = -291*p - 17626. What is x(-62)?
416
Let y(w) = -19627*w - 451360. Calculate y(-23).
61
Let t(b) = -1189182*b - 20216097. Calculate t(-17).
-3
Let x(t) = -t**3 - 127*t**2 - 241*t + 521. Give x(-125).
-604
Let n(k) = 3*k**2 - 2589*k + 175109. Calculate n(789).
-49
Let q(x) = -7*x**2 + 1582*x - 22317. Calculate q(14).
-1541
Let x(u) = u**3 - 389*u**2 + 444*u - 21215. Calculate x(388).
513
Let c(u) = 3*u**3 - 172*u**2 - 6297*u + 362182. Give c(57).
4
Let a(d) = -d**3 + 429*d**2 + 1815*d - 410734. Determine a(431).
9
Let n(y) = -307*y + 69. What is n(-4)?
1297
Let w(i) = -21*i**2 + 746*i + 3326. What is w(-4)?
6
Let u(a) = 925*a - 2233. Give u(2).
-383
Let z(b) = 27*b**2 + 33171*b - 66454. What is z(2)?
-4
Let g(t) = t**2 - 408*t - 134254. Calculate g(-213).
-1981
Let d(x) = -1868*x + 173731. Determine d(93).
7
Let f(w) = w**2 - 841*w - 470400. What is f(-384)?
0
Let n(y) = 35*y**2 + 2078*y - 4162. Give n(2).
134
Let g(y) = -y**3 + 12*y**2 - 1355*y + 22761. Give g(16).
57
Let i(h) = -3*h**2 + 747*h + 1022. Give i(247).
2504
Let f(a) = a**3 - 85*a**2 + 1343*a - 5213. Calculate f(6).
1
Let p(m) = 1850*m - 1150695. Give p(622).
5
Let r(m) = -4*m**2 - 2449*m + 2070446. Calculate r(-1088).
-18
Let b(t) = -3*t**3 + 124*t**2 + 261*t + 116. Calculate b(43).
2094
Let v(k) = -2*k**3 - 419*k**2 - 187*k + 4569. Calculate v(-209).
-29
Let f(r) = 30*r**3 - 3572*r**2 + 236*r + 214. Calculate f(119).
-24
Let b(s) = s**3 - 130*s**2 - 1263*s + 17. Give b(-9).
125
Let f(p) = -3*p**3 - 228*p**2 + 234*p - 172. Calculate f(-77).
-403
Let q(v) = 125*v + 25113. Determine q(-189).
1488
Let p(f) = -47*f**3 - 150*f**2 + 311*f - 7. Determine p(2).
-361
Let n(j) = -24361*j + 43138. Determine n(2).
-5584
Let n(g) = -1316*g + 17985. Determine n(11).
3509
Let u(m) = 4909*m - 107923. Determine u(22).
75
Let c(p) = -13366*p + 53310. Give c(4).
-154
Let c(t) = -260*t + 17577. Calculate c(66).
417
Let h(d) = 2*d**3 + 33*d**2 - 948*d - 5335. What is h(18)?
-43
Let s(h) = h**3 - 93*h**2 + 521*h - 2. Determine s(87).
-89
Let x(b) = -6*b**2 + 2222*b - 34002. What is x(16)?
14
Let h(q) = q**2 - 465*q + 32605. Calculate h(86).
11
Let m(y) = 25*y**2 + 829*y + 6703. Determine m(-14).
-3
Let s(u) = 377*u**3 - 3388*u**2 - 69*u + 211. Determine s(9).
-5
Let s(l) = 4*l**2 - 1160*l + 9003. Calculate s(8).
-21
Let g(o) = 1081218*o + 3243654. What is g(-3)?
0
Let d(c) = 2*c**3 - 72*c**2 - 9*c - 424. What is d(36)?
-748
Let l(b) = -9*b**3 + 21*b**2 - 19*b + 55. Calculate l(2).
29
Let g(k) = 57*k**3 - 1655*k**2 + 61*k - 136. Calculate g(29).
-49
Let c(w) = w**2 + 214*w - 12773. Determine c(49).
114
Let f(o) = 204*o**3 + 32*o**2 + 25*o - 8. Calculate f(-1).
-205
Let t(a) = -1149*a + 2874. Determine t(3).
-573
Let h(r) = 77250*r + 618001. Calculate h(-8).
1
Let h(l) = 11*l**3 + 144*l**2 + 324*l - 15. Calculate h(-3).
12
Let t(x) = -1522*x - 24405. Calculate t(-16).
-53
Let v(b) = 820*b + 24593. Give v(-30).
-7
Let y(x) = -46*x**3 + 3*x**2 + 7*x + 6. Calculate y(-2).
372
Let c(h) = -82*h**3 - h**2 + 32*h + 70. Give c(-2).
658
Let r(b) = 3*b**2 - 2876*b + 82. What is r(0)?
82
Let k(m) = -112199*m - 1458582. What is k(-13)?
5
Let i(l) = 2*l**2 - 9608*l - 416860. Determine i(-43).
-18
Let i(f) = f**3 + 292*f**2 + 6165*f - 510. Calculate i(-23).
-4
Let p(n) = 16124*n - 1644650. Determine p(102).
-2
Let v(s) = -178*s - 21718. What is v(-127)?
888
Let t(q) = 100*q**2 - 2904*q + 118. Determine t(29).
2
Let h(q) = -714*q - 155646. What is h(-218)?
6
Let p(k) = k**3 + 23*k**2 - 184*k + 83. Give p(-29).
373
Let s(z) = -2*z**3 + 20*z**2 - 348*z + 4068. What is s(11)?
-2
Let q(s) = s**3 + 229*s**2 + 11557*s + 585. Calculate q(-75).
60
Let p(b) = 109*b**2 - 226*b - 147. What is p(7)?
3612
Let x(l) = 20000*l + 20122. Calculate x(-1).
122
Let q(d) = 73*d**2 + 951*d + 34. Determine q(-13).
8
Let r(q) = -6807*q - 1123129. Calculate r(-165).
26
Let w(z) = 3383*z + 137982. Give w(-41).
-721
Let o(x) = -4099993*x - 2. Determine o(0).
-2
Let a(l) = 49*l**2 - 1312*l + 935. Determine a(26).
-53
Let z(p) = 13*p**3 + 746*p**2 + 430*p + 8261. Give z(-57).
-4
Let h(y) = y**2 + 10751*y - 75280. Calculate h(7).
26
Let m(f) = -232*f - 64035. Give m(-276).
-3
Let g(z) = 3*z**3 - 4*z**2 - 624*z + 1259. Determine g(2).
19
Let d(z) = 8754*z + 280325. What is d(-32)?
197
Let n(w) = -w**3 - 24*w**2 + 363*w + 8384. Determine n(-25).
-66
Let s(r) = -8*r**2 - 9433*r + 114351. What is s(12)?
3
Let y(l) = -2*l**3 - 48*l**2 - 53*l + 782. Determine y(-23).
943
Let l(v) = -4*v**3 + 453*v**2 - 479*v + 41356. What is l(113)?
-2
Let t(s) = s**2 + 9*s - 273. Give t(-32).